nvert -1e (base 16) to base 6.
-50
-1010 (base 3) to base 14
-22
Convert -b (base 16) to base 15.
-b
Convert -37 (base 13) to base 6.
-114
Convert -17 (base 10) to base 6.
-25
Convert -330 (base 6) to base 2.
-1111110
1033 (base 5) to base 12
bb
Convert -110 (base 3) to base 14.
-c
Convert -20 (base 5) to base 13.
-a
1 (base 7) to base 15
1
-41 (base 5) to base 8
-25
What is 0 (base 7) in base 2?
0
What is 10 (base 3) in base 12?
3
What is 2 (base 5) in base 3?
2
What is 2 (base 13) in base 5?
2
What is -6 (base 10) in base 11?
-6
Convert c (base 15) to base 14.
c
Convert -3 (base 12) to base 14.
-3
36 (base 14) to base 16
30
What is -2 (base 16) in base 10?
-2
What is 101 (base 2) in base 6?
5
Convert 4e (base 16) to base 8.
116
-1 (base 16) to base 15
-1
1100 (base 2) to base 15
c
Convert -33 (base 8) to base 15.
-1c
-48 (base 12) to base 2
-111000
What is -4 (base 14) in base 2?
-100
What is 1 (base 15) in base 7?
1
-48 (base 15) to base 12
-58
2 (base 8) to base 2
10
Convert 70 (base 16) to base 6.
304
Convert -7 (base 8) to base 5.
-12
Convert 3 (base 8) to base 10.
3
6 (base 10) to base 3
20
1 (base 5) to base 7
1
-11100 (base 2) to base 5
-103
What is 1b (base 13) in base 5?
44
-103 (base 5) to base 16
-1c
Convert 1a3 (base 11) to base 15.
109
What is -1d (base 15) in base 5?
-103
-28 (base 11) to base 7
-42
What is c (base 15) in base 13?
c
Convert 5 (base 8) to base 12.
5
-121 (base 4) to base 13
-1c
What is 89 (base 12) in base 15?
70
What is -43 (base 9) in base 15?
-29
Convert -82 (base 11) to base 7.
-156
What is 10 (base 4) in base 7?
4
23 (base 6) to base 2
1111
-86 (base 12) to base 2
-1100110
Convert 4 (base 13) to base 8.
4
-19 (base 15) to base 11
-22
14 (base 11) to base 8
17
Convert 33 (base 12) to base 5.
124
What is -1233 (base 4) in base 12?
-93
Convert 100 (base 2) to base 9.
4
0 (base 8) to base 7
0
Convert 5 (base 8) to base 14.
5
What is 113 (base 15) in base 6?
1043
What is -2 (base 6) in base 8?
-2
Convert 1010 (base 2) to base 6.
14
61 (base 10) to base 3
2021
-1 (base 13) to base 16
-1
-3a (base 14) to base 3
-1221
What is 3b (base 14) in base 11?
49
Convert -31 (base 15) to base 16.
-2e
What is -30 (base 9) in base 13?
-21
Convert -20 (base 5) to base 7.
-13
What is -123 (base 5) in base 11?
-35
Convert -10200 (base 3) to base 15.
-69
What is -235 (base 7) in base 15?
-84
What is 33 (base 5) in base 16?
12
-169 (base 14) to base 8
-441
What is -1c (base 16) in base 13?
-22
Convert -1a (base 15) to base 2.
-11001
3 (base 14) to base 8
3
Convert -2 (base 3) to base 14.
-2
Convert -2 (base 14) to base 15.
-2
What is 4 (base 10) in base 12?
4
What is -3 (base 7) in base 10?
-3
What is 2 (base 7) in base 3?
2
What is 22 (base 9) in base 4?
110
Convert -4 (base 12) to base 14.
-4
Convert -16 (base 8) to base 14.
-10
Convert 7b (base 16) to base 11.
102
Convert -324 (base 8) to base 14.
-112
What is -9 (base 11) in base 15?
-9
Convert 60 (base 14) to base 13.
66
Convert -201 (base 6) to base 8.
-111
Convert 2003 (base 4) to base 16.
83
Convert -3a (base 12) to base 16.
-2e
What is -21 (base 12) in base 15?
-1a
What is -3 (base 5) in base 4?
-3
-23 (base 16) to base 6
-55
Convert -200 (base 3) to base 7.
-24
-1003 (base 4) to base 3
-2111
What is 2 (base 12) in base 5?
2
Convert 65 (base 10) to base 7.
122
Convert -11 (base 7) to base 4.
-20
100002 (base 3) to base 12
185
What is -51 (base 16) in base 5?
-311
Convert b7 (base 12) to base 9.
164
What is -26 (base 14) in base 9?
-37
34 (base 11) to base 12
31
-202 (base 8) to base 7
-244
What is -100 (base 4) in base 12?
-14
What is -453 (base 7) in base 12?
-176
What is -4 (base 8) in base 4?
-10
Convert -465 (base 7) to base 2.
-11110011
What is -23 (base 14) in base 9?
-34
What is -1 (base 4) in base 11?
-1
0 (base 13) to base 12
0
What is 5 (base 10) in base 13?
5
Convert -92 (base 13) to base 2.
-1110111
Convert 2 (base 4) to base 6.
2
-100 (base 2) to base 7
-4
Convert 100010001 (base 2) to base 3.
101010
What is 10001 (base 2) in base 4?
101
Convert -4c (base 13) to base 8.
-100
What is -31 (base 12) in base 5?
-122
34 (base 10) to base 13
28
Convert 3 (base 11) to base 9.
3
Convert -3 (base 10) to base 6.
-3
33 (base 14) to base 5
140
-1 (base 4) to base 3
-1
Convert 0 (base 12) to base 9.
0
234 (base 5) to base 15
49
What is c (base 13) in base 4?
30
Convert -11102 (base 4) to base 10.
-338
What is 31 (base 7) in base 15?
17
-10000111 (base 2) to base 13
-a5
What is -2 (base 7) in base 14?
-2
What is -10 (base 8) in base 15?
-8
Convert 2 (base 9) to base 15.
2
Convert 5 (base 10) to base 9.
5
Convert -5 (base 13) to base 11.
-5
Convert -275 (base 10) to base 6.
-1135
Convert 1 (base 4) to base 11.
1
Convert -1b (base 12) to base 7.
-32
4 (base 13) to base 14
4
1a (base 12) to base 13
19
What is 14 (base 6) in base 8?
12
-2 (base 12) to base 15
-2
Convert 216 (base 8) to base 16.
8e
What is 2 (base 11) in base 12?
2
What is -56 (base 7) in base 10?
-41
Convert 4 (base 8) to base 4.
10
Convert -13 (base 16) to base 13.
-16
Convert 82 (base 11) to base 15.
60
What is c5 (base 13) in base 5?
1121
What is 204 (base 12) in base 14?
16c
-33 (base 14) to base 5
-140
What is -103 (base 5) in base 15?
-1d
Convert b (base 16) to base 11.
10
-15 (base 13) to base 12
-16
What is -b9 (base 16) in base 8?
-271
14 (base 15) to base 5
34
What is -11011 (base 2) in base 9?
-30
-11010101 (base 2) to base 11
-184
Convert 11101 (base 2) to base 9.
32
Convert -2 (base 9) to base 10.
-2
Convert -1120 (base 3) to base 11.
-39
10100100 (base 2) to base 11
13a
What is -2 (base 8) in base 14?
-2
Convert 0 (base 4) to base 15.
0
-11000 (base 2) to base 10
-24
What is 13 (base 9) in base 2?
1100
Convert 8 (base 9) to base 12.
8
-26 (base 11) to base 9
-31
What is 3 (base 9) in base 4?
3
Convert 1b (base 16) to base 9.
30
2 (base 16) to base 11
2
Convert -3 (base 9) to base 11.
-3
What is -113 (base 6) in base 5?
-140
-2 (base 15) to base 14
-2
Convert 2 (base 11) to base 6.
2
What is -58 (base 11) in base 6?
-143
6 (base 9) to base 10
6
22 (base 8) to base 5
33
What is -2 (base 6) in base 7?
-2
What is 10 (base 3) in base 2?
11
Convert -10 (base 4) to base 11.
-4
What is -16 (base 15) in base 14?
-17
-22 (base 5) to base 4
-30
26 (base 9) to base 16
18
What is 2 (base 12) in base 8?
2
Convert 0 (base 3) to base 5.
0
Convert 3203 (base 4) to base 10.
227
-a (base 13) to base 11
-a
What is 9e (base 15) in base 7?
302
Convert -3 (base 13) to base 7.
-3
-a (base 14) to base 4
-22
-4 (base 11) to base 15
-4
-10001110 (base 2) to base 14
-a2
What is 1 (base 16) in base 13?
1
What is 1 (base 16) in base 2?
1
-16 (base 10) to base 2
-10000
What is -14 (base 10) in base 5?
-24
What is -204 (base 6) in base 10?
-76
What is 7a (base 13) in base 3?
10202
What is 28 (base 9) in base 2?
11010
1a (base 14) to base 11
22
-23 (base 7) to base 13
-14
What is 7 (base 12) in base 11?
7
What is -4 (base 16) in base 4?
-10
What is 1 (base 13) in base 10?
1
Convert 115 (base 11) to base 13.
a7
What is -175 (base 13) in base 2?
-100001001
What is 40 (base 5) in base 6?
32
-45 (base 11) to base 5
-144
-4 (base 9) to base 10
-4
What is 12 (base 7) in base 8?
11
Convert 154 (base 7) to base 3.
10021
What is 23 (base 4) in base 3?
102
5 (base 11) to base 7
5
What is 1 (base 10) in base 8?
1
Convert 78 (base 15) to base 9.
135
What is -122 (base 3) in base 11?
-16
What is 36 (base 14) in base 8?
60
20 (base 6) to base 7
15
Convert -22 (base 4) to base 7.
-13
What is 101020 (base 3) in base 6?
1140
Convert 1 (base 13) to base 8.
1
What is 121 (base 4) in base 12?
21
1300 (base 4) to base 6
304
Convert -3 (base 14) to base 12.
-3
-32 (base 5) to base 2
-10001
What is -45 (base 9) in base 16?
-29
-30 (base 8) to base 6
-40
1214 (base 5) to base 13
112
a (base 16) to base 11
a
What is 326 (base 9) in base 8?
413
Convert 49 (base 16) to base 4.
1021
Convert 201 (base 3) to base 6.
31
What is 1c (base 16) in base 9?
31
Convert 2 (base 8) to base 9.
2
Convert b5 (base 15) to base 7.
332
What is a5 (base 13) in base 7?
252
Convert -232 (base 5) to base 2.
-1000011
What is 101 (base 3) in base 2?
1010
-13 (base 4) to base 8
-7
Convert -26 (base 9) to base 12.
-20
What is -26 (base 10) in base 9?
-28
What is 2102 (base 3) i